{"id":19,"date":"2020-09-06T13:31:23","date_gmt":"2020-09-06T11:31:23","guid":{"rendered":"https:\/\/nueha.de\/nueha\/?page_id=19"},"modified":"2021-09-12T08:04:29","modified_gmt":"2021-09-12T06:04:29","slug":"impressum","status":"publish","type":"page","link":"https:\/\/nueha.de\/?page_id=19","title":{"rendered":"Impressum"},"content":{"rendered":"\n<h2 class=\"wp-block-heading\">Impressum<\/h2>\n\n\n\n<p><strong><strong>Verein zur F\u00f6rderung der St\u00e4dtepartnerschaft N\u00fcrnberg\u2013 Hadera e.V<\/strong><\/strong> ist ein eingetragener Verein deutschen Rechts mit Sitz in N\u00fcrnberg. Er ist im Vereinsregister des Amtsgerichts N\u00fcrnberg  eingetragen.<\/p>\n\n\n\n<p><strong><strong><strong>Verein zur F\u00f6rderung der St\u00e4dtepartnerschaft N\u00fcrnberg\u2013 Hadera e.V<\/strong><\/strong><\/strong>\u00a0<br>c\/o Amt f\u00fcr internationale Beziehungen<\/p>\n\n\n\n<p>Hans Sachs Platz 2<\/p>\n\n\n\n<p>90403 N\u00fcrnberg<br>E-Mail: \u00a0<a href=\"javascript:linkTo_UnCryptMailto('ocknvq,kphqBdgxj0qti');\">info(at)nueha.de<\/a><\/p>\n\n\n\n<p><\/p>\n\n\n\n<p>Gesetzlich vertreten durch die Vorsitzende, Frau Diana Liberova.<\/p>\n\n\n\n<p>Inhaltlich Verantwortlicher (V.i.S.d. \u00a7 55 RStV): Vorsitzende<\/p>\n\n\n\n<p>Anregungen zur Gestaltung oder Fragen zum Inhalt dieser Webseiten senden Sie bitte an &nbsp;info@nueha.de<\/p>\n\n\n\n<p>\u00a9 <strong><strong><strong>Verein zur F\u00f6rderung der St\u00e4dtepartnerschaft N\u00fcrnberg\u2013 Hadera e.V<\/strong><\/strong><\/strong>, N\u00fcrnberg. Alle Rechte vorbehalten.<br>&nbsp;<\/p>\n\n\n\n<h2 class=\"wp-block-heading\">Rechtliche Hinweise<\/h2>\n\n\n\n<p>Der <strong><strong><strong>Verein zur F\u00f6rderung der St\u00e4dtepartnerschaft N\u00fcrnberg\u2013 Hadera e.V<\/strong><\/strong><\/strong> (N\u00fcha) pr\u00fcft und aktualisiert die Informationen auf seiner&nbsp;Webseite&nbsp;st\u00e4ndig. Trotz aller Sorgfalt k\u00f6nnen sich die Daten inzwischen ver\u00e4ndert haben. Die auf unseren Webseiten dargestellten Informationen stellen keine juristische oder anderweitige Beratung dar. Eine Haftung oder Garantie f\u00fcr die Aktualit\u00e4t, Richtigkeit und Vollst\u00e4ndigkeit der zur Verf\u00fcgung gestellten Informationen kann nicht \u00fcbernommen werden. Gleiches gilt auch f\u00fcr alle anderen Webseiten, auf die mittels Hyperlink verwiesen wird. Der <strong><strong><strong>Verein zur F\u00f6rderung der St\u00e4dtepartnerschaft N\u00fcrnberg\u2013 Hadera e.V<\/strong><\/strong><\/strong>ist f\u00fcr den Inhalt der Webseiten, die aufgrund einer solchen Verbindung erreicht werden, nicht verantwortlich.<\/p>\n\n\n\n<p>Des weiteren beh\u00e4lt sich der <strong><strong><strong>Verein zur F\u00f6rderung der St\u00e4dtepartnerschaft N\u00fcrnberg\u2013 Hadera e.V<\/strong><\/strong><\/strong> das Recht vor, \u00c4nderungen oder Erg\u00e4nzungen der bereitgestellten Informationen vorzunehmen.<\/p>\n\n\n\n<p>Inhalt und Struktur der <strong><strong><strong>Verein zur F\u00f6rderung der St\u00e4dtepartnerschaft N\u00fcrnberg\u2013 Hadera e.V<\/strong><\/strong><\/strong>. Webseiten sind urheberrechtlich gesch\u00fctzt. Die Vervielf\u00e4ltigung von Informationen oder Daten, insbesondere die Verwendung von Texten, Textteilen oder Bildmaterial, bedarf der vorherigen Zustimmung des <strong><strong><strong>Verein zur F\u00f6rderung der St\u00e4dtepartnerschaft N\u00fcrnberg\u2013 Hadera e.V<\/strong><\/strong><\/strong>..<br>&nbsp;<\/p>\n\n\n\n<h2 class=\"wp-block-heading\">Legal Notice<\/h2>\n\n\n\n<p>Information contained in these web pages is checked and updated by <strong><strong><strong>Verein zur F\u00f6rderung der St\u00e4dtepartnerschaft N\u00fcrnberg\u2013 Hadera e.V<\/strong><\/strong><\/strong>. with due diligence on a regular basis. This notwithstanding, data may become subject to changes during the intervening period. Therefore, <strong><strong><strong>Verein zur F\u00f6rderung der St\u00e4dtepartnerschaft N\u00fcrnberg\u2013 Hadera e.V<\/strong><\/strong>.<\/strong>&nbsp;does not assume any liability or guarantee for the timeliness, accuracy and completeness of the information provided. This applies also to other websites that may be accessed through hyperlinks. <strong><strong><strong>Verein zur F\u00f6rderung der St\u00e4dtepartnerschaft N\u00fcrnberg\u2013 Hadera e.V<\/strong><\/strong>.<\/strong> assumes no responsibility for the contents of web sites that can be accessed through such links. The site does not purport to provide legal or other advice.<\/p>\n\n\n\n<p>Further, <strong><strong><strong>Verein zur F\u00f6rderung der St\u00e4dtepartnerschaft N\u00fcrnberg\u2013 Hadera e.V<\/strong><\/strong>.<\/strong> reserves the right to change or amend the information provided at any time and without prior notice.<\/p>\n\n\n\n<p>Contents and structure of the <strong><strong><strong>Verein zur F\u00f6rderung der St\u00e4dtepartnerschaft N\u00fcrnberg\u2013 Hadera e.V<\/strong><\/strong>.<\/strong>&nbsp;sites are copyright protected. Reproduction of information or data content, in particular the use of text (whether in full or in part), pictures or graphics, requires the prior approval of <strong><strong><strong>Verein zur F\u00f6rderung der St\u00e4dtepartnerschaft N\u00fcrnberg\u2013 Hadera e.V<\/strong><\/strong>.<\/strong><br>&nbsp;<\/p>\n","protected":false},"excerpt":{"rendered":"<p>Impressum Verein zur F\u00f6rderung der St\u00e4dtepartnerschaft N\u00fcrnberg\u2013 Hadera e.V ist ein eingetragener Verein deutschen Rechts mit Sitz in N\u00fcrnberg. Er ist im Vereinsregister des Amtsgerichts N\u00fcrnberg eingetragen. Verein zur F\u00f6rderung der St\u00e4dtepartnerschaft N\u00fcrnberg\u2013 Hadera e.V\u00a0c\/o Amt f\u00fcr internationale Beziehungen Hans Sachs Platz 2 90403 N\u00fcrnbergE-Mail: \u00a0info(at)nueha.de Gesetzlich vertreten durch die Vorsitzende, Frau Diana Liberova. Inhaltlich<\/p><\/div>\n<div class=\"blog-btn\"><a href=\"https:\/\/nueha.de\/?page_id=19\" class=\"home-blog-btn\">Weiterlesen<\/a><\/p>\n","protected":false},"author":1,"featured_media":0,"parent":0,"menu_order":0,"comment_status":"closed","ping_status":"closed","template":"","meta":{"footnotes":""},"class_list":["post-19","page","type-page","status-publish","hentry"],"_links":{"self":[{"href":"https:\/\/nueha.de\/index.php?rest_route=\/wp\/v2\/pages\/19","targetHints":{"allow":["GET"]}}],"collection":[{"href":"https:\/\/nueha.de\/index.php?rest_route=\/wp\/v2\/pages"}],"about":[{"href":"https:\/\/nueha.de\/index.php?rest_route=\/wp\/v2\/types\/page"}],"author":[{"embeddable":true,"href":"https:\/\/nueha.de\/index.php?rest_route=\/wp\/v2\/users\/1"}],"replies":[{"embeddable":true,"href":"https:\/\/nueha.de\/index.php?rest_route=%2Fwp%2Fv2%2Fcomments&post=19"}],"version-history":[{"count":8,"href":"https:\/\/nueha.de\/index.php?rest_route=\/wp\/v2\/pages\/19\/revisions"}],"predecessor-version":[{"id":203,"href":"https:\/\/nueha.de\/index.php?rest_route=\/wp\/v2\/pages\/19\/revisions\/203"}],"wp:attachment":[{"href":"https:\/\/nueha.de\/index.php?rest_route=%2Fwp%2Fv2%2Fmedia&parent=19"}],"curies":[{"name":"wp","href":"https:\/\/api.w.org\/{rel}","templated":true}]}}